me factors of 113945.
5, 13, 1753
What are the prime factors of 22799637?
3, 7, 79, 509
What are the prime factors of 871669?
139, 6271
What are the prime factors of 126800?
2, 5, 317
What are the prime factors of 7744010?
2, 5, 17, 45553
List the prime factors of 242946.
2, 3, 11, 409
What are the prime factors of 7487807?
281, 26647
List the prime factors of 1361196.
2, 3, 37811
What are the prime factors of 13462419?
3, 17, 107, 2467
List the prime factors of 1133412.
2, 3, 7, 103, 131
List the prime factors of 1111101.
3, 19, 101, 193
What are the prime factors of 145454?
2, 72727
List the prime factors of 326169.
3, 36241
List the prime factors of 98174.
2, 191, 257
What are the prime factors of 10303403?
11, 936673
What are the prime factors of 1550699?
113, 13723
What are the prime factors of 1615235?
5, 37, 8731
List the prime factors of 1024399.
1024399
What are the prime factors of 2764759?
281, 9839
What are the prime factors of 1760064?
2, 3, 89, 103
List the prime factors of 923406.
2, 3, 11, 17, 823
List the prime factors of 148918.
2, 7, 11, 967
What are the prime factors of 613773?
3, 47, 1451
List the prime factors of 12758182.
2, 6379091
What are the prime factors of 126883?
31, 4093
List the prime factors of 2391238.
2, 919, 1301
List the prime factors of 7501575.
3, 5, 29, 3449
What are the prime factors of 234632?
2, 139, 211
What are the prime factors of 1486409?
1486409
List the prime factors of 177695.
5, 7, 5077
List the prime factors of 568791.
3, 63199
List the prime factors of 2368513.
7, 48337
List the prime factors of 7821221.
7821221
What are the prime factors of 527023?
7, 75289
List the prime factors of 2868002.
2, 17, 67, 1259
What are the prime factors of 2504814?
2, 3, 13, 17, 1889
List the prime factors of 576478.
2, 7, 41177
List the prime factors of 4768803.
3, 13, 40759
List the prime factors of 609864.
2, 3, 25411
List the prime factors of 1799321.
181, 9941
What are the prime factors of 182987?
7, 26141
What are the prime factors of 18827370?
2, 3, 5, 103, 677
What are the prime factors of 61217?
13, 17, 277
What are the prime factors of 2764253?
19, 145487
What are the prime factors of 445010?
2, 5, 44501
List the prime factors of 945138.
2, 3, 157523
What are the prime factors of 337097?
337097
What are the prime factors of 328269?
3, 109423
What are the prime factors of 267057?
3, 7, 157
List the prime factors of 189440.
2, 5, 37
List the prime factors of 399159.
3, 44351
What are the prime factors of 919034?
2, 23, 19979
List the prime factors of 54283.
19, 2857
What are the prime factors of 867228?
2, 3, 72269
List the prime factors of 1120945.
5, 7, 32027
What are the prime factors of 1450490?
2, 5, 31, 4679
What are the prime factors of 615712?
2, 71, 271
What are the prime factors of 1478473?
17, 86969
List the prime factors of 1006985.
5, 7, 28771
What are the prime factors of 804287?
11, 17, 23
List the prime factors of 26731.
26731
What are the prime factors of 2147871?
3, 11, 61, 97
What are the prime factors of 4512569?
1667, 2707
What are the prime factors of 157409?
7, 113, 199
What are the prime factors of 23327535?
3, 5, 7, 11, 19, 1063
List the prime factors of 772155.
3, 5, 17159
What are the prime factors of 278482?
2, 139241
List the prime factors of 24656557.
503, 49019
What are the prime factors of 1680545?
5, 336109
What are the prime factors of 22758039?
3, 1423, 1777
What are the prime factors of 2048372?
2, 512093
What are the prime factors of 3246530?
2, 5, 7, 19, 2441
What are the prime factors of 376054?
2, 7, 26861
What are the prime factors of 53263?
7, 1087
List the prime factors of 2942517.
3, 181, 5419
List the prime factors of 4431082.
2, 2215541
List the prime factors of 8169684.
2, 3, 131, 5197
What are the prime factors of 3239066?
2, 31, 89, 587
List the prime factors of 674193.
3, 13, 59, 293
What are the prime factors of 404694?
2, 3, 22483
What are the prime factors of 448241?
448241
List the prime factors of 3472946.
2, 41, 1033
What are the prime factors of 14323?
14323
List the prime factors of 2330213.
43, 47, 1153
List the prime factors of 14505412.
2, 83, 43691
List the prime factors of 1687862.
2, 11, 17, 4513
What are the prime factors of 1758372?
2, 3, 7, 11, 173
What are the prime factors of 10422493?
37, 101, 2789
What are the prime factors of 3836966?
2, 7, 274069
What are the prime factors of 294814?
2, 13, 17, 23, 29
What are the prime factors of 806813?
7, 115259
List the prime factors of 145248.
2, 3, 17, 89
What are the prime factors of 2107165?
5, 421433
List the prime factors of 1762307.
19, 92753
List the prime factors of 6245180.
2, 5, 61, 5119
List the prime factors of 2336937.
3, 778979
List the prime factors of 1299192.
2, 3, 54133
What are the prime factors of 436275?
3, 5, 7, 277
List the prime factors of 3451519.
53, 65123
What are the prime factors of 3458504?
2, 7, 151, 409
List the prime factors of 3124964.
2, 23, 33967
What are the prime factors of 3449017?
11, 13, 89, 271
What are the prime factors of 281641?
281641
List the prime factors of 1357531.
7, 19, 59, 173
List the prime factors of 441098.
2, 7, 643
What are the prime factors of 104943?
3, 34981
What are the prime factors of 90053?
90053
What are the prime factors of 665077?
7, 277
List the prime factors of 6673013.
23, 47, 6173
List the prime factors of 12315074.
2, 23, 267719
List the prime factors of 762072.
2, 3, 113, 281
What are the prime factors of 810312?
2, 3, 19, 1777
What are the prime factors of 27755722?
2, 443, 31327
What are the prime factors of 2358337?
19, 124123
List the prime factors of 3430376.
2, 428797
List the prime factors of 2879080.
2, 5, 167, 431
What are the prime factors of 1023615?
3, 5, 23, 43
What are the prime factors of 1967772?
2, 3, 163981
List the prime factors of 4771.
13, 367
What are the prime factors of 292468?
2, 11, 17, 23
What are the prime factors of 490739?
17, 28867
List the prime factors of 15172946.
2, 53, 143141
What are the prime factors of 492933?
3, 7, 23473
List the prime factors of 23102405.
5, 17, 191, 1423
What are the prime factors of 121732?
2, 13, 2341
What are the prime factors of 1243539?
3, 11, 53, 79
List the prime factors of 335504.
2, 13, 1613
What are the prime factors of 1232333?
59, 20887
What are the prime factors of 494903?
494903
What are the prime factors of 34778?
2, 17389
List the prime factors of 4507129.
11, 193
List the prime factors of 487570.
2, 5, 48757
What are the prime factors of 220385?
5, 11, 4007
What are the prime factors of 6039739?
19, 127, 2503
What are the prime factors of 87690?
2, 3, 5, 37, 79
List the prime factors of 10819268.
2, 2704817
List the prime factors of 6815801.
43, 158507
What are the prime factors of 16478113?
61, 270133
List the prime factors of 204308.
2, 13, 3929
List the prime factors of 264978.
2, 3, 7, 701
List the prime factors of 112559.
112559
What are the prime factors of 2669723?
7, 381389
What are the prime factors of 209445?
3, 5, 13963
What are the prime factors of 1073713?
1073713
What are the prime factors of 11312699?
11312699
What are the prime factors of 10278459?
3, 541, 2111
What are the prime factors of 1123298?
2, 11, 51059
What are the prime factors of 46653?
3, 15551
What are the prime factors of 114315?
3, 5, 7621
List the prime factors of 420339.
3, 167, 839
What are the prime factors of 5398?
2, 2699
What are the prime factors of 140155?
5, 28031
What are the prime factors of 34484?
2, 37, 233
What are the prime factors of 18698033?
19, 193, 5099
What are the prime factors of 284299?
107, 2657
List the prime factors of 1382935.
5, 276587
List the prime factors of 22282570.
2, 5, 743, 2999
List the prime factors of 2154526.
2, 11, 29, 307
List the prime factors of 2906872.
2, 363359
What are the prime factors of 7572062?
2, 131, 28901
List the prime factors of 281239.
7, 40177
What are the prime factors of 156701?
349, 449
What are the prime factors of 4118547?
3, 1372849
List the prime factors of 560694.
2, 3, 17, 23, 239
What are the prime factors of 1816559?
1816559
List the prime factors of 284183.
19, 14957
What are the prime factors of 827321?
11, 75211
What are the prime factors of 197401?
307, 643
List the prime factors of 4